 is the remainder when 71637 is divided by 6198?
3459
Calculate the remainder when 1150206 is divided by 22.
2
What is the remainder when 229773 is divided by 2704?
2637
Calculate the remainder when 1347014 is divided by 211.
201
Calculate the remainder when 3284 is divided by 544.
20
What is the remainder when 4307390 is divided by 27?
26
Calculate the remainder when 1365311 is divided by 225.
11
Calculate the remainder when 727159 is divided by 824.
391
Calculate the remainder when 998302 is divided by 347.
330
What is the remainder when 68555 is divided by 1579?
658
What is the remainder when 1211003 is divided by 31868?
19
Calculate the remainder when 125346 is divided by 6278.
6064
Calculate the remainder when 103266567 is divided by 69.
63
Calculate the remainder when 21309 is divided by 18010.
3299
What is the remainder when 2031201 is divided by 6?
3
What is the remainder when 3703264 is divided by 303?
301
What is the remainder when 859679 is divided by 7411?
3
What is the remainder when 381254 is divided by 917?
699
Calculate the remainder when 23351115 is divided by 11675543.
29
What is the remainder when 91923 is divided by 355?
333
What is the remainder when 16823 is divided by 3797?
1635
Calculate the remainder when 253141 is divided by 5123.
2114
Calculate the remainder when 1250673 is divided by 3353.
4
What is the remainder when 73793997 is divided by 1277?
1275
Calculate the remainder when 2103726 is divided by 718.
704
What is the remainder when 247125 is divided by 49335?
450
Calculate the remainder when 919801 is divided by 70675.
1026
What is the remainder when 70446691 is divided by 1427?
1409
What is the remainder when 1659 is divided by 1464?
195
Calculate the remainder when 16467082 is divided by 21.
16
What is the remainder when 1380396 is divided by 54?
48
Calculate the remainder when 139691 is divided by 19942.
97
Calculate the remainder when 46565963 is divided by 41136.
11
Calculate the remainder when 462919 is divided by 2320.
1239
Calculate the remainder when 24582022 is divided by 79.
66
Calculate the remainder when 46051 is divided by 186.
109
What is the remainder when 32315145 is divided by 10431?
10338
What is the remainder when 42255459 is divided by 3174?
3171
What is the remainder when 46140 is divided by 1230?
630
Calculate the remainder when 122912 is divided by 222.
146
Calculate the remainder when 1743220 is divided by 257.
246
What is the remainder when 144743519 is divided by 236?
235
What is the remainder when 741254 is divided by 559?
20
What is the remainder when 14486906 is divided by 172?
34
Calculate the remainder when 3122242 is divided by 766.
26
What is the remainder when 18002183 is divided by 29?
27
What is the remainder when 668543 is divided by 4518?
4397
Calculate the remainder when 1806 is divided by 790.
226
What is the remainder when 30542 is divided by 11581?
7380
What is the remainder when 87695 is divided by 43634?
427
What is the remainder when 417720 is divided by 443?
414
Calculate the remainder when 1975951 is divided by 987972.
7
Calculate the remainder when 77873868 is divided by 46.
8
What is the remainder when 25275839 is divided by 3495?
3494
What is the remainder when 423348 is divided by 70485?
438
Calculate the remainder when 10913607 is divided by 3637803.
198
What is the remainder when 8380150 is divided by 349169?
94
Calculate the remainder when 10960549 is divided by 3653515.
4
What is the remainder when 278269 is divided by 10702?
17
What is the remainder when 720292 is divided by 290?
222
Calculate the remainder when 5101600 is divided by 278.
22
Calculate the remainder when 2670717 is divided by 691.
2
Calculate the remainder when 43014010 is divided by 46.
8
What is the remainder when 3585458 is divided by 1154?
1134
What is the remainder when 41866 is divided by 6656?
1930
Calculate the remainder when 589028 is divided by 1122.
1100
Calculate the remainder when 1915385575 is divided by 21.
19
What is the remainder when 898314 is divided by 2938?
2224
What is the remainder when 1405264 is divided by 2?
0
What is the remainder when 12963 is divided by 5802?
1359
Calculate the remainder when 516529 is divided by 641.
524
Calculate the remainder when 195349 is divided by 13023.
4
Calculate the remainder when 881475 is divided by 1679.
0
What is the remainder when 150354 is divided by 148063?
2291
Calculate the remainder when 3843046 is divided by 676.
662
Calculate the remainder when 189188049 is divided by 58.
53
What is the remainder when 72327 is divided by 9023?
143
Calculate the remainder when 950289 is divided by 611.
184
What is the remainder when 9038192 is divided by 1291168?
16
Calculate the remainder when 30329108 is divided by 280825.
8
Calculate the remainder when 3254110 is divided by 817.
816
What is the remainder when 133733621 is divided by 155?
86
What is the remainder when 112853 is divided by 12523?
146
What is the remainder when 57289 is divided by 1695?
1354
What is the remainder when 19510055 is divided by 11?
4
What is the remainder when 5516075 is divided by 367737?
20
Calculate the remainder when 281416 is divided by 164.
156
Calculate the remainder when 14011555 is divided by 22.
19
Calculate the remainder when 11744863 is divided by 840.
823
What is the remainder when 27914 is divided by 4269?
2300
Calculate the remainder when 34273 is divided by 33311.
962
Calculate the remainder when 53727871 is divided by 176.
175
Calculate the remainder when 482042 is divided by 1077.
623
Calculate the remainder when 11913459 is divided by 23.
11
What is the remainder when 644356 is divided by 356?
352
What is the remainder when 5670062 is divided by 2835007?
48
What is the remainder when 45469699 is divided by 15156551?
46
What is the remainder when 20108850 is divided by 1182872?
26
Calculate the remainder when 6803 is divided by 6042.
761
Calculate the remainder when 754780 is divided by 2576.
12
Calculate the remainder when 122333 is divided by 298.
153
What is the remainder when 16391683 is divided by 2077?
2076
What is the remainder when 392831 is divided by 1503?
548
What is the remainder when 724596 is divided by 26?
2
What is the remainder when 8845191 is divided by 2948390?
21
Calculate the remainder when 1287705 is divided by 12877.
5
Calculate the remainder when 32911 is divided by 2688.
655
Calculate the remainder when 39527 is divided by 3640.
3127
What is the remainder when 233922 is divided by 116826?
270
Calculate the remainder when 205047 is divided by 139.
22
What is the remainder when 44199002 is divided by 516?
506
What is the remainder when 4648970 is divided by 180?
110
Calculate the remainder when 1788030 is divided by 40619.
794
What is the remainder when 115513406 is divided by 592?
590
What is the remainder when 1568392 is divided by 40?
32
What is the remainder when 10217 is divided by 9762?
455
Calculate the remainder when 22988 is divided by 4509.
443
Calculate the remainder when 5710133 is divided by 815728.
37
What is the remainder when 65409884 is divided by 817623?
44
What is the remainder when 12359 is divided by 337?
227
Calculate the remainder when 5757735 is divided by 1881.
1875
Calculate the remainder when 160564 is divided by 7296.
52
Calculate the remainder when 20083142 is divided by 2388.
62
What is the remainder when 12048 is divided by 1955?
318
Calculate the remainder when 11402361 is divided by 4.
1
Calculate the remainder when 307335 is divided by 10969.
203
Calculate the remainder when 5461880 is divided by 5461803.
77
What is the remainder when 54158 is divided by 7537?
1399
What is the remainder when 1512783 is divided by 34381?
19
Calculate the remainder when 204196406 is divided by 708.
2
What is the remainder when 6151700 is divided by 26?
22
What is the remainder when 323294252 is divided by 403?
398
What is the remainder when 1201831 is divided by 74?
71
Calculate the remainder when 5140037 is divided by 12209.
48
Calculate the remainder when 2742369 is divided by 9233.
168
What is the remainder when 61354 is divided by 19885?
1699
Calculate the remainder when 87779 is divided by 164.
39
What is the remainder when 8355795 is divided by 3947?
3943
Calculate the remainder when 7407 is di